e the prime factors of 853?
853
What are the prime factors of 2274?
2, 3, 379
What are the prime factors of 7182?
2, 3, 7, 19
What are the prime factors of 25503?
3, 8501
List the prime factors of 1925.
5, 7, 11
List the prime factors of 495.
3, 5, 11
List the prime factors of 4712.
2, 19, 31
List the prime factors of 7218.
2, 3, 401
What are the prime factors of 778?
2, 389
List the prime factors of 5348.
2, 7, 191
List the prime factors of 1045.
5, 11, 19
List the prime factors of 14823.
3, 61
List the prime factors of 45920.
2, 5, 7, 41
What are the prime factors of 1117?
1117
List the prime factors of 985.
5, 197
List the prime factors of 710.
2, 5, 71
What are the prime factors of 129410?
2, 5, 12941
List the prime factors of 1334.
2, 23, 29
List the prime factors of 4557.
3, 7, 31
What are the prime factors of 842?
2, 421
List the prime factors of 7119.
3, 7, 113
List the prime factors of 5469.
3, 1823
List the prime factors of 4621.
4621
What are the prime factors of 10279?
19, 541
What are the prime factors of 3895?
5, 19, 41
What are the prime factors of 1251?
3, 139
What are the prime factors of 11209?
11, 1019
List the prime factors of 45435.
3, 5, 13, 233
What are the prime factors of 61019?
7, 23, 379
What are the prime factors of 53932?
2, 97, 139
What are the prime factors of 5549?
31, 179
What are the prime factors of 719?
719
What are the prime factors of 40205?
5, 11, 17, 43
What are the prime factors of 23264?
2, 727
List the prime factors of 33451.
11, 3041
What are the prime factors of 1817?
23, 79
What are the prime factors of 408?
2, 3, 17
List the prime factors of 11926.
2, 67, 89
What are the prime factors of 26258?
2, 19, 691
List the prime factors of 1299.
3, 433
What are the prime factors of 853?
853
List the prime factors of 59795.
5, 11959
List the prime factors of 854.
2, 7, 61
What are the prime factors of 2161?
2161
What are the prime factors of 1029?
3, 7
List the prime factors of 7649.
7649
What are the prime factors of 13444?
2, 3361
What are the prime factors of 8718?
2, 3, 1453
List the prime factors of 44409.
3, 113, 131
List the prime factors of 2741.
2741
List the prime factors of 3050.
2, 5, 61
What are the prime factors of 7261?
53, 137
What are the prime factors of 38986?
2, 101, 193
What are the prime factors of 41331?
3, 23, 599
What are the prime factors of 2387?
7, 11, 31
What are the prime factors of 115224?
2, 3, 4801
List the prime factors of 20069.
7, 47, 61
What are the prime factors of 22570?
2, 5, 37, 61
What are the prime factors of 67811?
19, 43, 83
List the prime factors of 29105.
5, 5821
What are the prime factors of 95389?
7, 13627
List the prime factors of 8373.
3, 2791
What are the prime factors of 22393?
7, 457
What are the prime factors of 1778?
2, 7, 127
What are the prime factors of 1236?
2, 3, 103
List the prime factors of 2569.
7, 367
List the prime factors of 2376.
2, 3, 11
List the prime factors of 228.
2, 3, 19
What are the prime factors of 52983?
3, 7, 29
List the prime factors of 5961.
3, 1987
List the prime factors of 61788.
2, 3, 19, 271
What are the prime factors of 523?
523
What are the prime factors of 3258?
2, 3, 181
What are the prime factors of 187?
11, 17
What are the prime factors of 2171?
13, 167
What are the prime factors of 93450?
2, 3, 5, 7, 89
What are the prime factors of 102804?
2, 3, 13, 659
List the prime factors of 5301.
3, 19, 31
What are the prime factors of 909?
3, 101
What are the prime factors of 73918?
2, 13, 2843
List the prime factors of 5482.
2, 2741
What are the prime factors of 121637?
121637
What are the prime factors of 27?
3
What are the prime factors of 759?
3, 11, 23
List the prime factors of 397.
397
What are the prime factors of 61972?
2, 15493
List the prime factors of 16346.
2, 11, 743
List the prime factors of 13380.
2, 3, 5, 223
What are the prime factors of 114?
2, 3, 19
List the prime factors of 5514.
2, 3, 919
List the prime factors of 44751.
3, 7, 2131
List the prime factors of 22196.
2, 31, 179
What are the prime factors of 1786?
2, 19, 47
What are the prime factors of 907?
907
List the prime factors of 600.
2, 3, 5
List the prime factors of 1469.
13, 113
List the prime factors of 9187.
9187
List the prime factors of 3093.
3, 1031
What are the prime factors of 4116?
2, 3, 7
List the prime factors of 1197.
3, 7, 19
What are the prime factors of 6361?
6361
What are the prime factors of 374?
2, 11, 17
What are the prime factors of 35467?
29, 1223
List the prime factors of 12460.
2, 5, 7, 89
List the prime factors of 6790.
2, 5, 7, 97
List the prime factors of 3366.
2, 3, 11, 17
What are the prime factors of 300?
2, 3, 5
What are the prime factors of 12998?
2, 67, 97
List the prime factors of 144230.
2, 5, 14423
List the prime factors of 10060.
2, 5, 503
List the prime factors of 17915.
5, 3583
What are the prime factors of 1317?
3, 439
List the prime factors of 11599.
7, 1657
List the prime factors of 61368.
2, 3, 2557
List the prime factors of 1165.
5, 233
What are the prime factors of 56430?
2, 3, 5, 11, 19
What are the prime factors of 479?
479
List the prime factors of 1454.
2, 727
What are the prime factors of 4189?
59, 71
What are the prime factors of 734?
2, 367
List the prime factors of 1481.
1481
List the prime factors of 3412.
2, 853
What are the prime factors of 17487?
3, 29, 67
What are the prime factors of 3887?
13, 23
List the prime factors of 11848.
2, 1481
List the prime factors of 685.
5, 137
List the prime factors of 12354.
2, 3, 29, 71
List the prime factors of 728.
2, 7, 13
List the prime factors of 899.
29, 31
What are the prime factors of 1943?
29, 67
List the prime factors of 17438.
2, 8719
List the prime factors of 26564.
2, 29, 229
What are the prime factors of 46717?
11, 31, 137
What are the prime factors of 315?
3, 5, 7
List the prime factors of 278.
2, 139
What are the prime factors of 30394?
2, 7, 13, 167
List the prime factors of 2658.
2, 3, 443
What are the prime factors of 3230?
2, 5, 17, 19
What are the prime factors of 421?
421
List the prime factors of 70879.
70879
List the prime factors of 31512.
2, 3, 13, 101
List the prime factors of 803.
11, 73
List the prime factors of 158091.
3, 52697
List the prime factors of 3319.
3319
What are the prime factors of 97476?
2, 3, 8123
List the prime factors of 31023.
3, 383
List the prime factors of 6903.
3, 13, 59
What are the prime factors of 102427?
13, 7879
List the prime factors of 3165.
3, 5, 211
What are the prime factors of 16054?
2, 23, 349
What are the prime factors of 20044?
2, 5011
What are the prime factors of 44?
2, 11
What are the prime factors of 27923?
7, 3989
What are the prime factors of 163?
163
What are the prime factors of 15037?
11, 1367
List the prime factors of 8405.
5, 41
List the prime factors of 463.
463
What are the prime factors of 7831?
41, 191
What are the prime factors of 56498?
2, 13, 41, 53
What are the prime factors of 106?
2, 53
What are the prime factors of 928?
2, 29
List the prime factors of 1288.
2, 7, 23
List the prime factors of 3838.
2, 19, 101
List the prime factors of 1830.
2, 3, 5, 61
What are the prime factors of 6302?
2, 23, 137
What are the prime factors of 2094?
2, 3, 349
What are the prime factors of 25336?
2, 3167
List the prime factors of 26626.
2, 13313
What are the prime factors of 482?
2, 241
What are the prime factors of 1313?
13, 101
What are the prime factors of 140341?
37, 3793
What are the prime factors of 322?
2, 7, 23
List the prime factors of 4906.
2, 11, 223
List the prime factors of 16271.
53, 307
What are the prime factors of 701?
701
List the prime factors of 580.
2, 5, 29
List the prime factors of 899.
29, 31
List the prime factors of 7554.
2, 3, 1259
List the prime factors of 44521.
211
List the prime factors of 1073.
29, 37
What are the prime factors of 403?
13, 31
What are the prime factors of 44962?
2, 22481
What are the prime factors of 1837?
11, 167
List the prime factors of 31386.
2, 3, 5231
What are the prime factors of 782?
2, 17, 23
List the prime factors of 797.
797
List the prime factors of 93671.
47, 1993
What are the prime factors of 4383?
3, 487
List the prime factors of 37578.
2, 3, 6263
What are the prime factors of 318?
2, 3, 53
List the prime factors of 8769.
3, 